6 and 7689?
699
Calculate the highest common divisor of 8 and 2092952.
8
Calculate the greatest common divisor of 8797 and 253724.
463
Calculate the highest common factor of 1250 and 646375.
125
What is the greatest common divisor of 651 and 39333?
21
Calculate the highest common divisor of 83912 and 68.
68
Calculate the highest common divisor of 315566 and 830.
166
What is the highest common factor of 5512 and 3432?
104
Calculate the highest common divisor of 148324 and 1034.
22
What is the greatest common factor of 39 and 219037?
13
What is the greatest common factor of 315 and 8757?
63
Calculate the greatest common divisor of 902770 and 435.
145
What is the greatest common divisor of 2295 and 111010?
85
What is the greatest common divisor of 880 and 101760?
80
Calculate the greatest common factor of 45 and 54315.
45
What is the greatest common divisor of 4911 and 243?
3
What is the highest common factor of 1068 and 372?
12
Calculate the highest common divisor of 360 and 79704.
72
What is the highest common factor of 1328 and 2535152?
1328
Calculate the greatest common divisor of 5049 and 100089.
297
Calculate the highest common factor of 3042 and 8541.
117
Calculate the highest common factor of 1225 and 315.
35
What is the highest common divisor of 1424 and 51620?
356
Calculate the greatest common factor of 4945 and 1032.
43
What is the highest common factor of 15744 and 3456?
384
Calculate the highest common factor of 576 and 114354.
18
What is the highest common divisor of 319 and 507430?
11
What is the greatest common factor of 1306 and 32?
2
Calculate the highest common divisor of 228543 and 749.
7
Calculate the highest common factor of 130 and 1189799.
13
Calculate the highest common divisor of 51 and 639489.
51
Calculate the highest common factor of 90 and 507915.
45
What is the greatest common factor of 48034 and 1974?
658
What is the highest common factor of 388 and 6188212?
388
What is the greatest common divisor of 146286 and 756?
378
What is the highest common factor of 135 and 20715?
15
Calculate the highest common divisor of 1359 and 345941.
151
Calculate the highest common factor of 835 and 138109.
167
Calculate the greatest common factor of 195 and 81665.
5
Calculate the highest common divisor of 3420 and 17290.
190
What is the highest common divisor of 43414 and 2303?
49
What is the highest common factor of 343205 and 83?
83
Calculate the greatest common divisor of 60723 and 81.
27
Calculate the greatest common divisor of 3500 and 2324.
28
What is the highest common factor of 3128706 and 558?
558
What is the highest common factor of 24 and 45336?
24
What is the highest common factor of 256207 and 119?
119
What is the highest common factor of 752 and 2099208?
376
Calculate the greatest common factor of 686 and 3122.
14
Calculate the highest common factor of 317402 and 9362.
302
What is the greatest common factor of 1031380 and 5936?
1484
Calculate the highest common factor of 112 and 1291584.
112
Calculate the highest common divisor of 75832 and 12.
4
Calculate the highest common factor of 23845 and 76.
19
Calculate the highest common divisor of 162910 and 30.
10
Calculate the greatest common divisor of 90 and 1149498.
18
Calculate the highest common divisor of 41860 and 154.
14
What is the greatest common factor of 146 and 4676?
2
What is the highest common divisor of 20722 and 116362?
1594
Calculate the greatest common factor of 120080 and 16.
16
What is the greatest common factor of 1969 and 30239?
11
Calculate the highest common factor of 1641247 and 163.
163
What is the highest common factor of 1551 and 10716?
141
Calculate the highest common divisor of 9391 and 1.
1
What is the highest common divisor of 41061 and 45?
3
Calculate the highest common factor of 408 and 49164.
204
Calculate the highest common factor of 435 and 44457.
87
What is the greatest common factor of 3663 and 39849?
111
What is the greatest common divisor of 305 and 3805?
5
Calculate the greatest common divisor of 3530238 and 19.
19
Calculate the highest common factor of 1060 and 6758030.
530
What is the highest common factor of 116336 and 176?
176
What is the greatest common factor of 22864 and 184341?
1429
Calculate the greatest common divisor of 3 and 80661.
3
Calculate the greatest common factor of 1447 and 4.
1
What is the highest common factor of 4185425 and 145?
145
What is the greatest common divisor of 536 and 99361?
67
Calculate the greatest common divisor of 31 and 9.
1
Calculate the highest common divisor of 2383563 and 546.
273
What is the highest common divisor of 10726 and 21700?
62
What is the greatest common factor of 5481 and 9261?
189
Calculate the greatest common factor of 29955 and 481277.
1997
Calculate the greatest common divisor of 7110 and 5910.
30
Calculate the highest common factor of 791726 and 333.
37
What is the highest common divisor of 164 and 5606012?
164
Calculate the greatest common divisor of 65450 and 14.
14
Calculate the highest common divisor of 59995 and 710.
355
Calculate the highest common divisor of 472 and 17984.
8
What is the highest common factor of 863 and 154477?
863
Calculate the highest common divisor of 476 and 58429.
119
Calculate the greatest common divisor of 32 and 470816.
32
Calculate the greatest common divisor of 190 and 2698.
38
What is the highest common divisor of 8471 and 3743?
197
What is the greatest common divisor of 1472 and 10534?
46
What is the highest common divisor of 921 and 2755018?
307
What is the highest common divisor of 19198 and 2648?
662
What is the highest common factor of 136 and 731?
17
What is the greatest common factor of 1104 and 547377?
69
Calculate the greatest common factor of 1122 and 37983.
33
Calculate the highest common factor of 86222 and 418.
38
What is the highest common divisor of 496317 and 69?
69
What is the greatest common divisor of 59 and 204730?
59
What is the greatest common factor of 15636 and 492?
12
Calculate the greatest common factor of 196 and 214.
2
Calculate the greatest common divisor of 748 and 711161.
187
What is the highest common divisor of 85 and 62577?
17
What is the greatest common factor of 218330 and 126?
14
What is the highest common factor of 267104 and 2176?
544
Calculate the greatest common factor of 16400 and 3800.
200
Calculate the highest common factor of 31104 and 25083.
27
Calculate the greatest common factor of 52 and 1064804.
52
Calculate the highest common factor of 125 and 127375.
125
What is the greatest common divisor of 541542 and 387?
129
What is the greatest common factor of 5961 and 42?
3
What is the greatest common divisor of 313 and 3130?
313
What is the highest common divisor of 9069 and 528?
3
What is the greatest common factor of 11133 and 1611?
9
What is the highest common factor of 36561 and 609?
21
What is the greatest common divisor of 14794 and 13087?
569
What is the greatest common divisor of 183 and 36303?
3
Calculate the greatest common factor of 688 and 122937.
43
What is the highest common factor of 14 and 28076?
2
Calculate the greatest common divisor of 1178 and 1862.
38
Calculate the greatest common divisor of 2171 and 130.
13
What is the greatest common divisor of 225 and 144450?
225
What is the highest common factor of 56 and 216152?
8
What is the highest common factor of 123 and 75399?
123
Calculate the greatest common divisor of 104 and 9061.
13
What is the greatest common factor of 464 and 2932712?
232
Calculate the highest common factor of 1174976 and 22.
22
Calculate the highest common divisor of 515 and 1240635.
515
Calculate the greatest common divisor of 7268 and 18407.
79
Calculate the highest common divisor of 17 and 3247.
17
Calculate the greatest common factor of 84 and 1660988.
28
What is the highest common factor of 88 and 156112?
88
Calculate the highest common divisor of 278358 and 816.
102
Calculate the highest common divisor of 3991 and 1332073.
307
Calculate the greatest common divisor of 9772 and 84.
28
What is the highest common factor of 299 and 14536?
23
Calculate the highest common divisor of 177966 and 27.
9
What is the greatest common divisor of 2659625 and 375?
125
Calculate the highest common factor of 60936 and 24.
24
What is the greatest common factor of 1340 a